4 - 93/341 prime?
False
Suppose -328*l + 4785898 = -882270. Is l prime?
False
Let b = -238 + -172. Let x = b + 621. Is x a composite number?
False
Let d(q) = -2*q**2 + q - 22. Let s(l) = -l**2 - 1. Let h(t) = -d(t) - 6*s(t). Is h(5) composite?
False
Let n(a) = 1358*a + 9. Let f(m) = m**3 - m - 1. Let g(x) = -2*x**3 + 23*x**2 - 20*x + 30. Let l(y) = 3*f(y) + g(y). Let p be l(-24). Is n(p) composite?
True
Suppose 0 = -4*u - 7*b + 2361307 + 101274, 0 = -4*u + 4*b + 2462680. Is u a prime number?
True
Let m be (1135 - 1133)*((-13)/(-2) - 1). Suppose 3*b = -4*o + 5039 + 6867, 2*o = -b + 3968. Suppose f = m*f - b. Is f composite?
False
Suppose -2*a + 1386 = -306. Let i = 1387 - a. Is i a prime number?
True
Suppose 7*c - 2*c = 11*c - 277782. Is c prime?
False
Let w(l) = -154739*l + 357. Is w(-2) a prime number?
False
Suppose 46 = n - 2*d, -1 = 4*d - 13. Suppose 4*g + 512 + 279 = 3*a, 3*g = -4*a + 1063. Let u = n + a. Is u a prime number?
True
Let b be 793 + 14 - (-6)/(-1). Let c(j) = -2*j - 7. Let g be c(-5). Suppose 0*z + z - 602 = -g*q, -4*q = 3*z - b. Is q prime?
False
Let h = 45 - -12916. Is h a prime number?
False
Let x = 0 - -1. Suppose 4*s = 235 + x. Let r = s - -74. Is r a prime number?
False
Let x(l) = 47916*l**2 + 20*l - 77. Is x(2) prime?
True
Let r(l) be the second derivative of l**3/3 + 24507*l**2/2 - 10*l. Let p be r(0). Suppose -8*j - j = -p. Is j a prime number?
False
Suppose -14472 = -2*o + 165602. Is o a composite number?
True
Is -1 - 132/(-12) - -84037 a prime number?
True
Suppose 3 + 2 = -5*h - 3*f, -3*h = 5*f + 19. Let u be 15171/h*3*28/(-63). Is u/(-10) + (72/(-30) - -2) composite?
True
Let c(r) = -r**3 - 24*r**2 - 23*r. Let y be c(-23). Suppose y = 13*o - 8*o - 30. Is (-7 + o)/((-2)/2146) a prime number?
False
Is (-2620794)/(-36) - (-195)/(-234) prime?
False
Is (-17 + 9 - -14)*1*(-16413)/(-18) a composite number?
False
Let m(j) = 145*j + 103. Let f(c) = 72*c + 49. Let v(p) = 5*f(p) - 3*m(p). Is v(-33) prime?
True
Let q = -50 - -79. Suppose q*f = 24*f + 5. Is 9 + 2 + 4 + f/(-1) a prime number?
False
Let l be 2/5 + (-112)/(-20) + -2. Let d(f) = 401*f - 61. Is d(l) a prime number?
True
Let u(w) = w**2 + 14*w + 28. Let f be u(-12). Suppose 70240 = f*m + 28*m. Is m composite?
True
Let o = -296 - -309. Let t(w) = 2*w**3 - 18*w**2 - 8*w + 19. Is t(o) a composite number?
True
Let k(u) = 3*u + 4861. Suppose 64*n - 79*n = 0. Is k(n) composite?
False
Is 5*(-1002918)/35*-5*(-3)/(-18) a prime number?
False
Let w be (127 + -130)*(500/6)/(-2). Let u = 2064 - w. Is u a composite number?
True
Suppose 36*z = 111719 - 26795. Suppose 22226 + z = 15*m. Is m a composite number?
True
Let v(t) = -556*t**2 + 15*t - 41. Let k be v(3). Is 1 - 3*(k/12 + -2) a composite number?
True
Let j(p) = 152*p**2 - 15*p + 13. Let u be j(7). Let w = u + -4092. Suppose -4*a + c + w = 0, -5*a + 3*c + 4091 = -c. Is a composite?
True
Suppose 99723 = -37*h + 586421. Is h prime?
False
Suppose -4*d = 5*m + 205, 5*m - 11 = 4. Is (-8)/80*d*2174 a prime number?
False
Let m = 499 - 491. Suppose 0 = -2*o - m*o + 116570. Is o prime?
True
Let d(w) = w**2 - 4*w - 10. Let h be d(-5). Let u = -14 + h. Suppose 17*x - u*x + 4484 = 0. Is x a composite number?
True
Suppose 0 = 11*l - 10*l. Suppose -18 = -l*a - 6*a. Suppose -a*m - 359 = -2624. Is m composite?
True
Let a = -32 - -40. Suppose -a = 5*p - 28. Suppose -8*m = -p*m - 764. Is m a prime number?
True
Suppose -5*m = 1490 + 3025. Let f = m + 1562. Let u = -300 + f. Is u prime?
True
Suppose 0 = 2*q - 3*d - 479269, 93*d - 95*d - 718891 = -3*q. Is q prime?
False
Let s be (115*3)/(-4 + (-11)/(-2)). Let o = s - 53. Is o composite?
True
Let f = -508 + 687. Let c = 3612 - f. Is c composite?
False
Suppose 2*c = 117*r - 121*r + 1439654, 0 = -5*c + 25. Is r a prime number?
True
Suppose 52*h = 236369 + 31951. Let u(q) = -57*q**3 + 4*q**2 + 3*q - 5. Let a be u(4). Let j = a + h. Is j a prime number?
True
Is (-218196)/(-16) + (-75)/108 + 4/9 composite?
True
Let t = 248 - 230. Suppose t*f - 136653 = 48549. Is f prime?
True
Let f(k) = -1082*k**3 - k**2 - 2*k - 2. Let j(i) = 10*i + 9. Let n be j(-1). Let w be f(n). Let o = -579 + w. Is o a composite number?
True
Let o be -3 - 2 - (-36)/(-5 + 9). Suppose 5*l - 3055 = -2*g, o*l - 6128 = -g - 3*g. Is g prime?
False
Let k(b) = -2*b**3 + 20*b**2 + 22*b - 61. Is k(-9) a composite number?
False
Suppose -32238909 = -202*l + 1638713. Is l a composite number?
False
Let u be (-84)/(-45) - (-4)/30. Suppose 4*j = -3*q + 5330, -5*q - j - u*j = -8887. Suppose -12948 = -2*y - q. Is y a composite number?
True
Let v = -2 - -6. Let y(x) = 14*x**3 - 3*x**2 + 9*x - 16. Let r(i) = -15*i**3 + 2*i**2 - 7*i + 11. Let g(c) = -3*r(c) - 2*y(c). Is g(v) a prime number?
False
Let w(s) = 189*s + 677117. Is w(0) composite?
True
Let q(v) = v**2 - 8*v - 9. Let j be q(9). Suppose -2*a - u - 3 = 0, j*a + 28 = 3*a - 5*u. Is ((-74704)/6)/(-7) - a/(-3) a composite number?
True
Suppose -4404866 = -4*l + 48*s - 47*s, -l - 4*s + 1101191 = 0. Is l composite?
True
Let n(k) = k**2 - 11*k - 201. Let d be n(21). Let m(p) = 344*p + 13. Is m(d) a composite number?
False
Suppose -5*f = -23 - 37. Suppose -x = 4*x + 3*w + 179, 0 = -4*w - f. Is (x/4)/(6/(-372)) a prime number?
False
Let p = -103 + 106. Suppose -6*d + 3589 = -d + 2*f, f = -p. Let j = 627 + d. Is j composite?
True
Let g(a) = a**2 - 10*a. Let v(p) = 3*p**2 - 19*p - 1. Let r(k) = -7*g(k) + 4*v(k). Let f be r(4). Let h = -1 + f. Is h composite?
True
Suppose 2*r = 5*r - 5*p + 23, r + 21 = 5*p. Let w(x) = -52*x**2 + 1. Let j be w(r). Is (-61857)/j + (-4)/(-34) composite?
False
Let y be 39/234 + 74/(-12). Let o(w) = -10*w**3 - w**2 - 16*w - 25. Is o(y) a prime number?
False
Suppose -2*a = 2*z - 15 - 1, 3*z = -a + 4. Suppose 0 = -5*w + 20, 2*j + a*w = 5*w + 17022. Is j a composite number?
False
Suppose -2*g = -6, -4*g = 2*s - 27343 - 6303. Is s composite?
True
Is (2 - 157652/(-9)) + (-592)/(-5328) composite?
False
Is (-27075836)/(-285) - 3/(-45) prime?
True
Let r = -1247 + 1931. Suppose -1146 = 2*o - 4*b + r, 4*o = 4*b - 3656. Let h = o - -1590. Is h a composite number?
False
Suppose -22*s + 1478074 - 408588 = 0. Is s a prime number?
False
Let a be -113 - -93 - (-6 - -1). Let o(b) = -59*b + 38. Is o(a) a prime number?
False
Suppose -3*g = -n + 1636, 46*g = -n + 47*g + 1626. Is n prime?
True
Suppose 47*a = 831146 + 9333027. Is a prime?
True
Let n(z) = 36*z**2 + 8*z - 115. Let h be n(-17). Suppose 26*j - 3393 = h. Is j a composite number?
False
Suppose 0 = -166*d + 168*d - 129874. Is d composite?
False
Let i = -116 + 124. Suppose 4*r = -j + 853, -i*r = 4*j - 3*r - 3412. Is j a prime number?
True
Suppose 5*c - 296418 = -4*w - 79837, -3*w = c - 162422. Is w prime?
True
Suppose -16*c + 29*c = 6812429. Is c prime?
False
Let o be 1/((-3 + 0)/(-279)). Suppose 4*q + c = 390, 8*q - 2*c - o = 7*q. Is q a composite number?
False
Let v = -561254 - -804607. Is v composite?
True
Suppose 7*m = -16242 + 107627. Suppose 19*h = -5*u + 21*h + m, 4*u = -h + 10431. Is u composite?
False
Let x(k) = 1191*k**3 + k**2 + k. Suppose 5*n + 4*t + 7 = 0, n - 5*t = -0*n + 16. Is x(n) a composite number?
False
Let k be -4*(-9)/60*5. Is 1 + -6 - (k + -1369) a prime number?
True
Let x(g) = -764*g + 23. Let h be x(-6). Suppose -8*q + 10*q + h = 5*l, -3*q - 4*l - 6968 = 0. Let y = q + 6077. Is y composite?
False
Suppose 13*u + 26 = -2*j + 17*u, 3*j + 15 = -2*u. Is (-27599)/j + (-470)/70 + 7 composite?
False
Let d = -14 - -18. Suppose d*m - 30 - 6 = 0. Is m/(-3) - -226*1 composite?
False
Suppose 277 = z + 12*r - 13*r, -2*r - 8 = 0. Suppose z*w = 267*w + 19794. Is w a composite number?
False
Let p(g) = 2*g**2 - 6*g - 3. Let y be p(3). Is 2 + (-157500)/(-24) + y/2 composite?
False
Suppose -4*m - 5*k + 101247 = -32054, -3*m = 2*k - 99974. Let r = m + -16013. Is r a prime number?
False
Suppose z - 105 = -6*z. Let p be 1/(z/1818*(-4)/(-10)). Suppose s = -r + p + 1539, -5*s + 9200 = -5*r. Is s prime?
False
Let p be (30/(-18))/(-1 + 4/3). Let o(j) = -j**2 - 3*j - 2. Let g be o(p). Is 1 + 0 + (g - -684) a prime number?
True
Let p(x) = 1273*x**2 + 10*x - 10. Let c be p(1). Suppose -c = -8*n + 2559. Is n a prime number?
True
Suppose -4*t - 99872 = -4*g, -24620 + 124485 = 4*g + 3*t. Is g a composite number?
False
Let n(l) = 5271*l**2 + 49